{"id":593,"date":"2023-10-10T13:32:11","date_gmt":"2023-10-10T11:32:11","guid":{"rendered":"https:\/\/www.sulema.pl\/masaz-worksite\/?page_id=593"},"modified":"2023-10-10T13:43:30","modified_gmt":"2023-10-10T11:43:30","slug":"regulamin","status":"publish","type":"page","link":"https:\/\/www.sulema.pl\/masaz-worksite\/regulamin\/","title":{"rendered":"Regulamin"},"content":{"rendered":"\t\t<div data-elementor-type=\"wp-page\" data-elementor-id=\"593\" class=\"elementor elementor-593\" data-elementor-post-type=\"page\">\n\t\t\t\t\t\t<section class=\"elementor-section elementor-top-section elementor-element elementor-element-ab51099 elementor-section-boxed elementor-section-height-default elementor-section-height-default\" data-id=\"ab51099\" data-element_type=\"section\">\n\t\t\t\t\t\t<div class=\"elementor-container elementor-column-gap-default\">\n\t\t\t\t\t<div class=\"elementor-column elementor-col-100 elementor-top-column elementor-element elementor-element-918a639\" data-id=\"918a639\" data-element_type=\"column\">\n\t\t\t<div class=\"elementor-widget-wrap elementor-element-populated\">\n\t\t\t\t\t\t<div class=\"elementor-element elementor-element-0535c7d elementor-widget elementor-widget-text-editor\" data-id=\"0535c7d\" data-element_type=\"widget\" data-widget_type=\"text-editor.default\">\n\t\t\t\t<div class=\"elementor-widget-container\">\n\t\t\t\t\t\t\t\t\t<h2 style=\"text-align: center;\"><strong>REGULAMIN US\u0141UGI MASA\u017bU BIUROWEGO WORKSITE<\/strong><\/h2><p>\u00a0<\/p><p>\u00a0<\/p><h3 style=\"text-align: center; font-weight: 300;\"><strong>\u00a71<br \/><\/strong><strong>Postanowienia og\u00f3lne<\/strong><\/h3><p>\u00a0<\/p><ol><li>Niniejszy regulamin, zwany dalej \u201eRegulaminem wizyt\u201d, okre\u015bla zasady korzystania z us\u0142ug \u015bwiadczonych w siedzibie klienta przez SULEMA Sp. z o.o. z siedzib\u0105 32-540 Trzebinia, ul. 22 Stycznia 1863r. 14, NIP: PL6282291938 reprezentowan\u0105 Gabriela Agnieszka Ropka, zwana dalej \u201eMasa\u017cystom\u201d.<\/li><li>Masa\u017cysta \u015bwiadczy Us\u0142ugi w dni powszednie od Poniedzia\u0142ku do Pi\u0105tku, w godzinach: 8:00 &#8211; 16:00.<\/li><li>Klienci i Pacjenci Masa\u017cu maj\u0105 obowi\u0105zek zapoznania si\u0119 z Regulaminem wizyt przed przyst\u0105pieniem do rezerwacji wizyty na us\u0142ug\u0119 Masa\u017cu, zwan\u0105 dalej \u201eUs\u0142ug\u0105\u201d.<\/li><li>Regulamin wraz z opisem Us\u0142ugi stanowi umow\u0119 na \u015bwiadczenie us\u0142ug.<\/li><li>Masa\u017cysta nie przyjmuje pacjent\u00f3w pod wp\u0142ywem alkoholu lub innych \u015brodk\u00f3w odurzaj\u0105cych i ma prawo do odmowy wykonania zabiegu wobec takiego pacjenta us\u0142ugi masa\u017cu.<\/li><\/ol><h3>\u00a0<\/h3><h3 style=\"text-align: center; font-weight: 300;\"><strong>\u00a72<br \/><\/strong><strong>Definicje<\/strong><\/h3><p>\u00a0<\/p><p>Pacjent \u2013 oznacza osob\u0119 fizyczn\u0105, kt\u00f3ra uko\u0144czy\u0142a 18 lat, posiada pe\u0142n\u0105 zdolno\u015b\u0107 do czynno\u015bci prawnych, kt\u00f3ra spe\u0142nia wymagania opisane w Regulaminie wizyt i korzysta z Us\u0142ugi.<\/p><p>Dziecko\/osoba niepe\u0142noletnia \u2013 pacjent, kt\u00f3ry nie uko\u0144czy\u0142 18 lat i korzysta z us\u0142ug Masa\u017cysty za zgod\u0105 rodzica\/opiekuna prawnego.<\/p><p>Klienta \u2013 firma z kt\u00f3r\u0105 Us\u0142ugodawca zawar\u0142 umow\u0119 jednorazow\u0105, czasow\u0105 lub na czas nieokre\u015blony w zakresie \u015bwiadczenia us\u0142ug masa\u017cu biurowego wykonywanego pracownikom firmy klienta zwanymi pacjentami.<\/p><p>Regulamin \u2013 oznacza niniejszy Regulamin wizyt, sporz\u0105dzony i stosowany przez Us\u0142ugodawc\u0119.<\/p><p>Us\u0142uga\/Zabieg \u2013 oznacza us\u0142ug\u0119 \u015bwiadczon\u0105 przez Us\u0142ugodawc\u0119 na rzecz Klienta, okre\u015blon\u0105 w \u00a7 4 niniejszego Regulaminu wizyt.<\/p><p>Zadatek \u2013 forma zabezpieczenia rezerwacji wizyty w danym terminie, kt\u00f3r\u0105 stanowi procentowo okre\u015blona kwota Zabiegu, szczeg\u00f3\u0142owo opisana w \u00a7 5 niniejszego Regulaminu.<\/p><p>Us\u0142ugodawca \u2013 oznacza: Gabriela Ropka reprezentuj\u0105ca jako Prezes Zarz\u0105du firm\u0119 zarejestrowan\u0105 w KRS pod numerem 0001046418, pod adresem 32-540 Trzebinia, ul. 22 Stycznia 1863r. 14, NIP 6282291938, zgodnie z dokumentem wygenerowanym z systemu ekrs.gov.pl, Dane kontaktowe: adres e-mail: kontakt@sulema.pl.<\/p><h3>\u00a0<\/h3><h3 style=\"text-align: center; font-weight: 300;\"><strong>\u00a73<br \/>Klienci<\/strong><\/h3><p>\u00a0<\/p><ol><li>Klientem Masa\u017cysty jest podmiot gospodarczy zarejestrowany na terenie Rzeczypospolitej Polskiej lub posiadaj\u0105cy oddzia\u0142 zarejestrowany na terenie Rzeczypospolitej Polskiej.<\/li><li>Pacjentem Masa\u017cysty jest osoba pe\u0142noletnia b\u0119d\u0105ca pracownikiem Klienta, posiadaj\u0105ca pe\u0142n\u0105 zdolno\u015b\u0107 prawn\u0105.<\/li><li>Dopuszcza si\u0119 korzystanie z Zabieg\u00f3w przez osoby niepe\u0142noletnie, za wyra\u017an\u0105 zgod\u0105 ich opiekuna lub przedstawiciela ustawowego. Pracownik Masa\u017cysta jest uprawniony do \u017c\u0105dania w ka\u017cdym czasie, przed\u0142o\u017cenia stosownej zgody oraz do odmowy \u015bwiadczenia Zabiegu, w przypadku braku takiej zgody.<\/li><li>Pacjent jest zobowi\u0105zany do podania informacji na temat swojego stanu zdrowia, je\u015bli jest to konieczne do podj\u0119cia decyzji o wykonaniu okre\u015blonego zabiegu oraz podpisania o\u015bwiadczenia o prawdziwo\u015bci podanych informacji. Zatajanie chor\u00f3b, schorze\u0144, lub odmiennych stan\u00f3w, skutkuje wzi\u0119ciem przez Pacjentk\u0119\/Pacjenta a na siebie odpowiedzialno\u015bci za zdrowie. W przypadku zatajenia wspomnianych informacji w\u0142a\u015bciciel Masa\u017cu jest zwolniony z odpowiedzialno\u015bci za ewentualne konsekwencje.<\/li><li>Pacjent jest zobowi\u0105zany do natychmiastowego powiadomienia Us\u0142ugodawcy o pogorszeniu swojego stanu zdrowia podczas wykonywanego Zabiegu.<\/li><li>Pacjent przed rozpocz\u0119ciem zabiegu, powinien zdj\u0105\u0107 bi\u017cuteri\u0119 a w szczeg\u00f3lno\u015bci kolczyki, \u0142a\u0144cuszki, zegarki, bransoletki, okulary, itp. Masa\u017cysta masa\u017cu nie bierze odpowiedzialno\u015bci za pozostawion\u0105 lub zagubion\u0105 bi\u017cuteri\u0119.<\/li><li>W zabiegu Masa\u017cu uczestnicz\u0105 tylko Masa\u017cysta i Pacjent. Inne osoby znajduj\u0105 si\u0119 poza miejscem wyznaczonym do Masa\u017cu. W sytuacji kiedy Pacjent ma przydzielonego prawnie Opiekuna dopuszcza si\u0119 uczestnictwo Opiekuna w trakcie zabiegu.<\/li><\/ol><h3>\u00a0<\/h3><h3 style=\"text-align: center; font-weight: 300;\"><strong>\u00a74<br \/>\u015awiadczone us\u0142ugi<\/strong><\/h3><p>\u00a0<\/p><ol><li>Us\u0142ugodawca \u015bwiadczy us\u0142ugi znajduj\u0105ce si\u0119 w aktualnym cenniku us\u0142ug na stronie internetowej: www.sulema.pl\/masaz-worksite .<\/li><li>Klient przed wyborem Us\u0142ugi mo\u017ce zapozna\u0107 si\u0119 z jej opisem, czasem trwania oraz cen\u0105.<\/li><li>Przed rezerwacj\u0105 wizyty Klient jest r\u00f3wnie\u017c informowany o najbli\u017cszym mo\u017cliwym terminie Us\u0142ugi oraz o wyprzedzeniu, z jakim nale\u017cy dokonywa\u0107 rezerwacji wizyty.<\/li><li>W przypadku uporczywego odwo\u0142ywania wizyt przez Klienta w terminie p\u00f3\u017aniejszym ni\u017c dozwolony niniejszym regulaminem albo niestawiania si\u0119 na um\u00f3wion\u0105 wizyt\u0119 bez odwo\u0142ania wizyty we wskazanym terminie wi\u0119cej ni\u017c 3 razy, Us\u0142ugodawca jest uprawniony do odmowy \u015bwiadczenia lub rezerwacji kolejnej wizyty danemu Klientowi.<\/li><\/ol><h3>\u00a0<\/h3><h3 style=\"text-align: center; font-weight: 300;\"><strong>\u00a75<br \/>Rezerwacja wizyt<\/strong><\/h3><p>\u00a0<\/p><ol><li>Us\u0142ugodawca prowadzi rezerwacj\u0119 i zapisy na wizyty telefonicznie i online na stronie internetowej www.sulema.pl\/masaz-worksite.<\/li><li>Celem rezerwacji wizyty, Us\u0142ugodawca jest uprawniony \u017c\u0105da\u0107 wp\u0142aty przez Klienta Zadatku w wysoko\u015bci 50% ceny Zabiegu. W przypadku braku zaksi\u0119gowania wp\u0142aty do godziny 6:00 w dniu planowanego zabiegu lub braku potwierdzenia przelewu bankowego przes\u0142anego na adres e-mail kontakt@sulema.pl, rezerwacja terminu ulega anulowaniu.<\/li><li>Nieprzyst\u0105pienie do Zabiegu w um\u00f3wionym terminie bez wcze\u015bniejszego odwo\u0142ania w dozwolonym Regulaminem terminie lub odwo\u0142anie Zabiegu na mniej ni\u017c 24 godziny przed jego rozpocz\u0119ciem, uprawnia Us\u0142ugodawc\u0119 do zatrzymania wp\u0142aconego przez Klienta Zadatku lub w przypadku braku zadatku, uprawnia Us\u0142ugodawc\u0119 do na\u0142o\u017cenia postanowienia wymaganej zap\u0142aty za ca\u0142y zabieg, na podane konto bankowe lub przedp\u0142aty przed zapisem na kolejny zabieg. Rezerwacja kolejnej wizyty w ww. przypadku b\u0119dzie mo\u017cliwa dopiero po op\u0142aceniu zabiegu.<\/li><li>Masa\u017cysta, dopuszcza mo\u017cliwo\u015b\u0107 odwo\u0142ania wizyty z usprawiedliwionych i wa\u017cnych powod\u00f3w, niezale\u017cnych od Masa\u017cysty, takich jak: wypadek losowy, choroba osoby wykonuj\u0105cej zabieg, choroba Pacjenta, nag\u0142e wy\u0142\u0105czenie medi\u00f3w w miejscu wykonywania zabiegu i inne zdarzenia losowe niezale\u017cne od Masa\u017cysty i\/lub Us\u0142ugodawcy. W takiej sytuacji Klient zostaje um\u00f3wiony na inny dost\u0119pny termin.<\/li><li>W przypadku realizacji zabiegu zadatek podlega zaliczeniu na poczet ceny zabiegu wykonywanego dla Klienta.<\/li><\/ol><h3>\u00a0<\/h3><h3 style=\"text-align: center; font-weight: 300;\"><strong>\u00a76<br \/>Sp\u00f3\u017anienia<\/strong><\/h3><p>\u00a0<\/p><ol><li>W celu zadbania o najwy\u017csz\u0105 jako\u015b\u0107 i punktualno\u015b\u0107 us\u0142ug \u015bwiadczonych w miejscu pracy, Pacjent powinien stawi\u0107 si\u0119 w miejscu wykonywania us\u0142ugi na 10 minut przed rozpocz\u0119ciem Zabiegu, w celu przygotowania si\u0119 do Zabiegu, toalety, uzupe\u0142nienia odpowiednich dokument\u00f3w.<\/li><li>O ka\u017cdym potencjalnym sp\u00f3\u017anieniu, Klient powinien poinformowa\u0107 pracownik\u00f3w Masa\u017cu telefonicznie lub SMS na numer telefonu 500742088 z wyprzedzeniem co najmniej 15 minut przed Zabiegiem.<\/li><li>Masa\u017cysta dopuszcza sp\u00f3\u017anienie Klienta do 5 minut bez konsekwencji skr\u00f3cenia d\u0142ugo\u015bci Zabiegu.<\/li><li>W przypadku sp\u00f3\u017anienia powy\u017cej 10 minut Masa\u017cysta ma prawo odm\u00f3wi\u0107 Klientowi wykonania Zabiegu i przepisa\u0107 go na inny termin. Sp\u00f3\u017anienie takie traktowane b\u0119dzie jak nieodwo\u0142anie Zabiegu we wskazanym w niniejszym regulaminie terminie wraz z konsekwencjami wskazanymi w \u00a7 5 ust. 3.<\/li><li>Ka\u017cdy przypadek sp\u00f3\u017anienia rozpatrywany jest indywidualnie, w zale\u017cno\u015bci od aktualnego ob\u0142o\u017cenia grafiku Masa\u017cysty.<\/li><\/ol><h3>\u00a0<\/h3><h3 style=\"text-align: center; font-weight: 300;\"><strong>\u00a77<br \/>P\u0142atno\u015bci<\/strong><\/h3><p>\u00a0<\/p><ol><li>Klient jest obowi\u0105zany do zap\u0142aty zadatku przed wykonaniem us\u0142ugi oraz pozosta\u0142ej kwoty pomniejszonej o kwot\u0119 zadatku po wykonaniu us\u0142ugi lub dokonanie przedp\u0142aty pe\u0142nej kwoty w przypadku ofert promocyjnych w postaci zadatku.<\/li><li>Aktualny cennik us\u0142ug masa\u017cu znajduje si\u0119 zawsze na stronie www.sulema.pl\/masaz-worksite\/cennik-masazu-biurowego-work-site-katowice\/.<\/li><li>W miejscu pracy masa\u017cysty udost\u0119pnia si\u0119 nast\u0119puj\u0105ce sposoby zap\u0142aty:<br \/>&#8211; p\u0142atno\u015b\u0107 got\u00f3wk\u0105 za wyliczon\u0105 kwot\u0105 (masa\u017cysta nie posiada przy sobie got\u00f3wki ze wzgl\u0119d\u00f3w bezpiecze\u0144stwa)<br \/>&#8211; p\u0142atno\u015b\u0107 kodem BLIK \u2013 przelew na telefon<br \/>&#8211; szybki przelew bankowy Przelewy24<br \/>&#8211; p\u0142atno\u015b\u0107 kart\u0105 przez terminal p\u0142atniczy<\/li><li>Us\u0142ugodawca zastrzega sobie prawo do wprowadzenia tymczasowych promocji, bon\u00f3w podarunkowych czy pakiet\u00f3w zabieg\u00f3w. Zasady dotycz\u0105ce ich zakupu oraz czasu trwania, zostan\u0105 uregulowane w odr\u0119bnym regulaminie i na stronie internetowej www.sulema.pl\/masaz-worksite. Promocje i rabaty nie \u0142\u0105cz\u0105 si\u0119.<\/li><\/ol><h3>\u00a0<\/h3><h3 style=\"text-align: center; font-weight: 300;\"><strong>\u00a78<br \/>Standardy pracy Masa\u017cysty<\/strong><\/h3><p>\u00a0<\/p><ol><li>Us\u0142ugodawca ma prawo do udzielenia pozwolenia na przebywanie na terenie obiektu klienta swoim masa\u017cyst\u0105 oraz podwykonawc\u0105 us\u0142ug masa\u017cu, a o ka\u017cdej takiej osobie powiadomi Klienta przynajmniej z jednodniowym wyprzedzeniem podaj\u0105c imi\u0119 i nazwisko oraz nr PESEL lub nr dokumentu to\u017csamo\u015bci celem identyfikacji takiej osoby.<\/li><li>Masa\u017cysta o\u015bwiadcza, \u017ce jest pracownikiem Us\u0142ugodawcy odpowiednio przeszkolonym, do pracy na zajmowanym przez niego stanowisku, jak r\u00f3wnie\u017c posiada wszelkie wymagane certyfikaty, atesty i zezwolenia na prac\u0119 w charakterze odpowiadaj\u0105cym jego stanowisku. Informacje te mo\u017cna r\u00f3wnie\u017c znale\u017a\u0107 na stronie www.sulema.pl\/masaz-worksite<\/li><li>Masa\u017cysta przed przyst\u0105pieniem do Zabiegu, zobowi\u0105zany jest sprawdzi\u0107 stan stanowiska pracy i zadbania o posiadanie zapasu materia\u0142\u00f3w jednorazowych i ochronnych.<\/li><li>Masa\u017cysta przed przyst\u0105pieniem do Zabiegu, jest zobowi\u0105zany do dokonania dezynfekcji stanowiska, r\u0105k i przedramion do wysoko\u015bci \u0142okci oraz narz\u0119dzi wielokrotnego u\u017cytku. Te same czynno\u015bci masa\u017cysta wykonuje w czasie zabiegu, je\u015bli przerywa jego ci\u0105g\u0142o\u015b\u0107 oraz po zako\u0144czeniu Zabiegu.<\/li><li>Masa\u017cysta jest zobowi\u0105zany do posiadania aktu orzeczenia lekarskiego do cel\u00f3w sanitarno-epidemiologicznych.<\/li><li>Masa\u017cy\u015bci z otwartymi ranami i skaleczeniami lub s\u0105cz\u0105cymi si\u0119 zmianami sk\u00f3rnymi, niedaj\u0105cymi si\u0119 w\u0142a\u015bciwie zabezpieczy\u0107 przed kontaktem z cia\u0142em Klienta, s\u0105 wy\u0142\u0105czani od \u015bwiadczenia us\u0142ug do czasu ca\u0142kowitego usuni\u0119cia powy\u017cszych nieprawid\u0142owo\u015bci.<\/li><li>W przypadku niekontrolowanego zranienia Pacjenta podczas Zabiegu, Zabieg jest natychmiastowo przerywany, a miejsce zranienia jest niezw\u0142ocznie myte, dezynfekowane i zabezpieczane sterylnym opatrunkiem stosownym do skali zranienia. Przerwany zabieg jest doka\u0144czany w dogodnym dla Klienta terminie, bez dodatkowej op\u0142aty, po wcze\u015bniejszym uzgodnieniu terminu i wy\u0142\u0105cznie po ca\u0142kowitym wyleczeniu. Sporz\u0105dzony zostaje wtedy pisemny protok\u00f3\u0142 z zdarzenia w trzech egzemplarzach dla stron: Us\u0142ugodawca, Klient i Pacjent.<\/li><li>Zabiegi s\u0105 rejestrowane audiowizualnie przez Masa\u017cyst\u0119 i Us\u0142ugodawc\u0119 w celu: zabezpieczenia interes\u00f3w zar\u00f3wno WYKONAWCY jak i PACJENTA, przeciwko sytuacjom zagra\u017caj\u0105cych \u017cyciu czy niestosownych zachowa\u0144 np. o pod\u0142o\u017cu seksualnym.<\/li><li>Nagabywanie, pr\u00f3by molestowania masa\u017cyst\u00f3w\/masa\u017cystek b\u0119d\u0105 zg\u0142aszane do odpowiednich s\u0142u\u017cb mundurowych i organ\u00f3w \u015bcigania.<\/li><\/ol><h3>\u00a0<\/h3><h3 style=\"text-align: center; font-weight: 300;\"><strong>\u00a79<br \/>Obowi\u0105zki Us\u0142ugodawcy<\/strong><\/h3><p>\u00a0<\/p><ol><li>Us\u0142ugodawca przed wykonaniem Zabiegu jest obowi\u0105zany:<\/li><\/ol><p>&#8211; przeprowadzi\u0107 z Pacjentem wywiad dotycz\u0105cy jego stanu zdrowia,<br \/>&#8211; w zwi\u0105zku z pkt. 4 \u00a7 3 niniejszego Regulaminu, odebra\u0107 od Klienta pisemn\u0105 ankiet\u0119 o stanie zdrowotnym,<br \/>&#8211; do przedstawienia Klientowi ewentualnych skutk\u00f3w ubocznych oraz zalece\u0144 pozabiegowych,<br \/>&#8211; do przestrzegania zasad higieny i bezpiecze\u0144stwa podczas wykonywania Us\u0142ug.<\/p><h3>\u00a0<\/h3><h3 style=\"text-align: center; font-weight: 300;\"><strong>\u00a710<br \/>Reklamacje<\/strong><\/h3><p>\u00a0<\/p><ol><li>Klient ma prawo do z\u0142o\u017cenia reklamacji sposobu wykonania Zabiegu\/Us\u0142ugi lub jego efekt\u00f3w. Do zg\u0142oszenia reklamacji konieczne jest udokumentowanie niepoprawnego wykonania Zabiegu przez Masa\u017cyst\u0119.<\/li><li>Prawid\u0142owo z\u0142o\u017cona reklamacja powinna zawiera\u0107 dane Klienta oraz dane osobowe Pacjenta umo\u017cliwiaj\u0105ce jego identyfikacj\u0119 oraz zapewnienie kontaktu oraz opis przyczyny reklamacji wraz z zakresem \u017c\u0105da\u0144.<\/li><li>Reklamacje sk\u0142ada si\u0119 w formie pisemnej, osobi\u015bcie do r\u0105k Us\u0142ugodawcy, za po\u015brednictwem listu poleconego nadanego na adres siedziby firmy SULEMA Sp. z o.o., ul. 22 Stycznia 1863r 14, 32-540 Trzebinia lub elektronicznie na adres mailowy kontakt@sulema.pl w postaci zeskanowanego podpisanego pisma za\u0142\u0105czonego do wiadomo\u015bci email.<\/li><li>Us\u0142ugodawca rozpatrzy reklamacj\u0119 w ci\u0105gu maksymalnie 14 dni od jej przyj\u0119cia i poinformuje Klienta o jej rozpatrzeniu na podane dane do kontaktu w zg\u0142oszeniu reklamacyjnym.<\/li><\/ol><h3>\u00a0<\/h3><h3 style=\"text-align: center; font-weight: 300;\"><strong>\u00a711<br \/>Dane osobowe<\/strong><\/h3><p>\u00a0<\/p><ol><li>Dane osobowe Klienta przetwarzane s\u0105 zgodnie z tre\u015bci\u0105 i w celach wskazanych w klauzuli informacyjnej polityki prywatno\u015bci zawartej na stronie www.sulema.pl\/masaz-worksite\/prywatnosc\/.<\/li><li>Dane osobowe pacjent\u00f3w przetwarzane s\u0105 w celach wskazanych w ankiecie pacjenta www.sulema.pl\/masaz-worksite\/karta-pacjenta.pdf.<\/li><\/ol><h3>\u00a0<\/h3><h3 style=\"text-align: center; font-weight: 300;\"><strong>\u00a712<br \/>Postanowienia ko\u0144cowe<\/strong><\/h3><p>\u00a0<\/p><ol><li>Ka\u017cdy Klient ma prawo wgl\u0105du do Regulaminu wizyt, cennika i certyfikat\u00f3w, na kt\u00f3re powo\u0142uje si\u0119 Us\u0142ugodawca.<\/li><li>Klienci umawiaj\u0105c si\u0119 na zabieg telefonicznie lub online, zobowi\u0105zani s\u0105 do podania prawdziwego imienia, nazwiska, danych adresowych i danych do rozlicze\u0144 finansowych oraz aktualnego numeru telefonu. W przypadku, gdy to\u017csamo\u015b\u0107 lub wiek Klienta b\u0119dzie podlega\u0142a w\u0105tpliwo\u015bci obs\u0142uga Masa\u017cu, jest upowa\u017cniona do poproszenia o okazanie dokumentu to\u017csamo\u015bci ze zdj\u0119ciem.<\/li><li>Za wszelkie uszkodzenia wyposa\u017cenia Masa\u017cysty, Klienci odpowiadaj\u0105 bez ogranicze\u0144 zgodnie z art. 415 kodeksu cywilnego. Za uszkodzenia spowodowane przez osoby niepe\u0142noletnie odpowiedzialni s\u0105 ich ustawowi przedstawiciele.<\/li><li>Wnoszenie urz\u0105dze\u0144 rejestruj\u0105cych obraz i d\u017awi\u0119k \u2013 rejestrowanie obrazu lub d\u017awi\u0119ku jest mo\u017cliwe tylko za zgod\u0105 pisemn\u0105 Masa\u017cysty.<\/li><li>Po godzinach pracy Masa\u017cysty, nie gwarantujemy odpowiedzi na wiadomo\u015bci tekstowe. W przypadku nie otrzymania odpowiedzi do dnia nast\u0119pnego, Us\u0142ugodawca uprzejmie prosi o ponowienie wiadomo\u015bci.<\/li><li>Wszystkie przypadki, kt\u00f3re nie zosta\u0142y uwzgl\u0119dnione w regulaminie Masa\u017cysty , b\u0119d\u0105 zawsze rozpatrywane z ch\u0119ci\u0105 osi\u0105gni\u0119cia kompromisu i zadowolenia, zar\u00f3wno Klient\u00f3w jak i Masa\u017cysty.<\/li><li>Us\u0142ugodawca zastrzega sobie prawo do zmian w Regulaminie wizyt i poinformowania o nich Klienta przed zapisem na wizyt\u0119, z wa\u017cnych przyczyn to jest np.: zmiany przepis\u00f3w prawa, zmiany sposob\u00f3w p\u0142atno\u015bci, zmiany w \u015bwiadczeniu us\u0142ug \u2013 w zakresie, w jakim te zmiany wp\u0142ywaj\u0105 na realizacj\u0119 postanowie\u0144 niniejszego Regulaminu.<\/li><li>Nowy regulamin wchodzi w \u017cycie z dniem umieszczenia go na stronie www.sulema.pl\/masaz-worksite.<\/li><li>Aktualny regulamin wizyt jest umieszczony na internetowej www.sulema.pl\/masaz-worksite\/regulamin\/.<\/li><li>Wszystkie osoby znajduj\u0105ce si\u0119 na terenie zabiegu, s\u0105 zobowi\u0105zane przestrzega\u0107 niniejszego regulaminu i stosowa\u0107 si\u0119 do sugestii personelu. Klient oraz Pacjent korzystaj\u0105c z us\u0142ug Masa\u017cu jednocze\u015bnie oznajmia, \u017ce zapozna\u0142 si\u0119 z niniejszym regulaminem. Za naruszenie postanowie\u0144 niniejszego regulaminu uwa\u017ca si\u0119 r\u00f3wnie\u017c dzia\u0142ania lub zaniechania zmierzaj\u0105ce do jego obej\u015bcia. Masa\u017cysta w uzasadnionych wypadkach, zastrzega sobie prawo do odmowy wykonania zabiegu.<\/li><li>Do um\u00f3w zawartych przed dniem wej\u015bcia w \u017cycie zmian Regulaminu wizyt obowi\u0105zuj\u0105 postanowienia obowi\u0105zuj\u0105ce w chwili zawierania tych um\u00f3w.<\/li><li>Wszelkie spory wynikaj\u0105ce ze \u015bwiadczonych Us\u0142ug winny by\u0107 w pierwszej kolejno\u015bci rozwi\u0105zywane polubownie. W przypadku niedoj\u015bcia do porozumienia spory b\u0119d\u0105 rozstrzygane przez s\u0105d w\u0142a\u015bciwy dla miejsca zawarcia umowy, a w przypadku zawarcia umowy na odleg\u0142o\u015b\u0107 S\u0105d Rejonowy dla Krakowa-\u015ar\u00f3dmie\u015bcia.<\/li><li>Je\u017celi kt\u00f3rekolwiek z postanowie\u0144 niniejszego regulaminu zosta\u0142oby uznane przez S\u0105d za niewa\u017cne, niezgodne z przepisami prawa lub niewykonalne, to zostanie ono wy\u0142\u0105czone z postanowie\u0144 niniejszego regulaminu, kt\u00f3ry to w dalszym ci\u0105gu b\u0119d\u0105 obowi\u0105zywa\u0107 w najszerszym, dopuszczalnym przez prawo zakresie.<\/li><li>Niniejszy Regulamin wizyt obowi\u0105zuje od dnia 1 wrzesie\u0144 2023 roku.<\/li><\/ol>\t\t\t\t\t\t\t\t<\/div>\n\t\t\t\t<\/div>\n\t\t\t\t\t<\/div>\n\t\t<\/div>\n\t\t\t\t\t<\/div>\n\t\t<\/section>\n\t\t\t\t<\/div>\n\t\t","protected":false},"excerpt":{"rendered":"<p>REGULAMIN US\u0141UGI MASA\u017bU BIUROWEGO WORKSITE \u00a0 \u00a0 \u00a71Postanowienia og\u00f3lne \u00a0 Niniejszy regulamin, zwany dalej \u201eRegulaminem wizyt\u201d, okre\u015bla zasady korzystania z us\u0142ug \u015bwiadczonych w siedzibie klienta przez SULEMA Sp. z o.o. z siedzib\u0105 32-540 Trzebinia, ul. 22 Stycznia 1863r. 14, NIP: PL6282291938 reprezentowan\u0105 Gabriela Agnieszka Ropka, zwana dalej \u201eMasa\u017cystom\u201d. Masa\u017cysta \u015bwiadczy Us\u0142ugi w dni powszednie od [&hellip;]<\/p>\n","protected":false},"author":1,"featured_media":0,"parent":0,"menu_order":0,"comment_status":"closed","ping_status":"closed","template":"","meta":{"om_disable_all_campaigns":false,"_monsterinsights_skip_tracking":false,"_monsterinsights_sitenote_active":false,"_monsterinsights_sitenote_note":"","_monsterinsights_sitenote_category":0,"footnotes":""},"class_list":["post-593","page","type-page","status-publish","hentry"],"aioseo_notices":[],"_links":{"self":[{"href":"https:\/\/www.sulema.pl\/masaz-worksite\/wp-json\/wp\/v2\/pages\/593","targetHints":{"allow":["GET"]}}],"collection":[{"href":"https:\/\/www.sulema.pl\/masaz-worksite\/wp-json\/wp\/v2\/pages"}],"about":[{"href":"https:\/\/www.sulema.pl\/masaz-worksite\/wp-json\/wp\/v2\/types\/page"}],"author":[{"embeddable":true,"href":"https:\/\/www.sulema.pl\/masaz-worksite\/wp-json\/wp\/v2\/users\/1"}],"replies":[{"embeddable":true,"href":"https:\/\/www.sulema.pl\/masaz-worksite\/wp-json\/wp\/v2\/comments?post=593"}],"version-history":[{"count":17,"href":"https:\/\/www.sulema.pl\/masaz-worksite\/wp-json\/wp\/v2\/pages\/593\/revisions"}],"predecessor-version":[{"id":610,"href":"https:\/\/www.sulema.pl\/masaz-worksite\/wp-json\/wp\/v2\/pages\/593\/revisions\/610"}],"wp:attachment":[{"href":"https:\/\/www.sulema.pl\/masaz-worksite\/wp-json\/wp\/v2\/media?parent=593"}],"curies":[{"name":"wp","href":"https:\/\/api.w.org\/{rel}","templated":true}]}}