{"id":63,"date":"2023-09-27T07:24:10","date_gmt":"2023-09-27T05:24:10","guid":{"rendered":"https:\/\/www.sulema.pl\/masaz-worksite\/?page_id=63"},"modified":"2023-10-02T11:05:32","modified_gmt":"2023-10-02T09:05:32","slug":"o-nas","status":"publish","type":"page","link":"https:\/\/www.sulema.pl\/masaz-worksite\/o-nas\/","title":{"rendered":"O nas"},"content":{"rendered":"\t\t<div data-elementor-type=\"wp-page\" data-elementor-id=\"63\" class=\"elementor elementor-63\" data-elementor-post-type=\"page\">\n\t\t\t\t\t\t<section class=\"elementor-section elementor-top-section elementor-element elementor-element-c4d7769 elementor-section-full_width elementor-section-height-min-height elementor-section-content-middle elementor-section-height-default elementor-section-items-middle\" data-id=\"c4d7769\" data-element_type=\"section\" data-settings=\"{&quot;background_background&quot;:&quot;classic&quot;}\">\n\t\t\t\t\t\t<div class=\"elementor-container elementor-column-gap-no\">\n\t\t\t\t\t<div class=\"elementor-column elementor-col-100 elementor-top-column elementor-element elementor-element-91703e0\" data-id=\"91703e0\" data-element_type=\"column\">\n\t\t\t<div class=\"elementor-widget-wrap elementor-element-populated\">\n\t\t\t\t\t\t<div class=\"elementor-element elementor-element-1150471 elementor-widget elementor-widget-heading\" data-id=\"1150471\" data-element_type=\"widget\" data-widget_type=\"heading.default\">\n\t\t\t\t<div class=\"elementor-widget-container\">\n\t\t\t\t\t<h1 class=\"elementor-heading-title elementor-size-default\">O NAS - SULEMA Sp. z o.o.<\/h1>\t\t\t\t<\/div>\n\t\t\t\t<\/div>\n\t\t\t\t\t<\/div>\n\t\t<\/div>\n\t\t\t\t\t<\/div>\n\t\t<\/section>\n\t\t\t\t<section class=\"elementor-section elementor-top-section elementor-element elementor-element-55c1479 elementor-section-boxed elementor-section-height-default elementor-section-height-default\" data-id=\"55c1479\" data-element_type=\"section\">\n\t\t\t\t\t\t<div class=\"elementor-container elementor-column-gap-default\">\n\t\t\t\t\t<div class=\"elementor-column elementor-col-100 elementor-top-column elementor-element elementor-element-271b639\" data-id=\"271b639\" data-element_type=\"column\">\n\t\t\t<div class=\"elementor-widget-wrap elementor-element-populated\">\n\t\t\t\t\t\t<div class=\"elementor-element elementor-element-96429e7 elementor-widget elementor-widget-text-editor\" data-id=\"96429e7\" data-element_type=\"widget\" data-widget_type=\"text-editor.default\">\n\t\t\t\t<div class=\"elementor-widget-container\">\n\t\t\t\t\t\t\t\t\t<p style=\"text-align: center;\">Witamy na naszej stronie internetowej, gdzie pragniemy Ci\u0119 serdecznie przywita\u0107 i przedstawi\u0107 nasz\u0105 firm\u0119 SULEMA Sp. z o.o. <br \/>Jeste\u015bmy dumni, \u017ce mo\u017cemy si\u0119 z Tob\u0105 podzieli\u0107 nasz\u0105 histori\u0105 oraz pasj\u0105, kt\u00f3ra towarzyszy nam od trzech lat na terenie wojew\u00f3dztwa \u015bl\u0105skiego.<\/p><p>\u00a0<\/p><h2 style=\"text-align: center;\"><span style=\"color: #000000;\"><strong>Misja<\/strong><\/span><\/h2><p>\u00a0<\/p><p style=\"text-align: center;\">Nasza firma narodzi\u0142a si\u0119 z mi\u0142o\u015bci do masa\u017cu i pragnienia dzielenia si\u0119 tym dobroczynnym do\u015bwiadczeniem z innymi. Nasza misja jest jasna i klarowna: chcemy pomaga\u0107 naszym klientom odnale\u017a\u0107 harmoni\u0119 mi\u0119dzy cia\u0142em a umys\u0142em, poprzez profesjonalne us\u0142ugi masa\u017cu.<\/p><p>\u00a0<\/p><h2 style=\"text-align: center;\"><span style=\"color: #000000;\"><strong>Historia<\/strong><\/span><\/h2><p>\u00a0<\/p><p style=\"text-align: center;\">Nasza przygoda rozpocz\u0119\u0142a si\u0119 jako ma\u0142a firma masa\u017cu work-site. Z pasj\u0105 i zaanga\u017cowaniem dostarczali\u015bmy relaks i ulg\u0119 naszym klientom w miejscu pracy. To w\u0142a\u015bnie dzi\u0119ki naszym klientom, kt\u00f3rzy docenili nasze us\u0142ugi, zdecydowali\u015bmy si\u0119 rozszerzy\u0107 nasz\u0105 dzia\u0142alno\u015b\u0107 i za\u0142o\u017cy\u0107 firm\u0119 SULEMA Sp. z o.o. Przez ostatnie cztery miesi\u0105ce, jako zarejestrowana firma, podnosili\u015bmy jako\u015b\u0107 naszych us\u0142ug, nieustannie doskonal\u0105c si\u0119 i ucz\u0105c si\u0119 od naszych klient\u00f3w.<\/p><p>\u00a0<\/p><h2 style=\"text-align: center;\"><span style=\"color: #000000;\"><strong>Oferta<\/strong><\/span><\/h2><p>\u00a0<\/p><p style=\"text-align: center;\">Obecnie oferujemy nie tylko us\u0142ugi masa\u017cu work-site, ale tak\u017ce bogat\u0105 ofert\u0119 kurs\u00f3w online, kt\u00f3re pozwalaj\u0105 naszym klientom na rozwijanie swoich umiej\u0119tno\u015bci w dziedzinie masa\u017cu. Nasze kursy obejmuj\u0105 masa\u017c biurowy, lomi lomi, ba\u0144k\u0105 mydlan\u0105 i masa\u017c relaksacyjny. Chcemy dzieli\u0107 si\u0119 nasz\u0105 wiedz\u0105 i do\u015bwiadczeniem, aby nasi klienci mogli odkry\u0107 tajniki masa\u017cu i przynie\u015b\u0107 ulg\u0119 swoim bliskim oraz sobie samym.<\/p><p>\u00a0<\/p><h2 style=\"text-align: center;\"><span style=\"color: #000000;\"><strong>Pasja<\/strong><\/span><\/h2><p>\u00a0<\/p><p style=\"text-align: center;\">To pasja do masa\u017cu i troska o dobro naszych klient\u00f3w nap\u0119dzaj\u0105 nas ka\u017cdego dnia. Ka\u017cdy z naszych pracownik\u00f3w jest wyszkolony i certyfikowany, aby zapewni\u0107 najwy\u017csz\u0105 jako\u015b\u0107 us\u0142ug. Nasza firma SULEMA Sp. z o.o. to miejsce, gdzie tradycyjna wiedza i nowoczesne podej\u015bcie \u0142\u0105cz\u0105 si\u0119 w jedno, tworz\u0105c wyj\u0105tkowe do\u015bwiadczenie dla naszych klient\u00f3w.<\/p><p style=\"text-align: center;\">Dzi\u0119kujemy, \u017ce jeste\u015b z nami w tej podr\u00f3\u017cy. Je\u015bli masz pytania lub chcia\u0142by\u015b dowiedzie\u0107 si\u0119 wi\u0119cej o naszych us\u0142ugach lub kursach, zach\u0119camy do kontaktu. Jeste\u015bmy tu, aby Ci pom\u00f3c odnale\u017a\u0107 r\u00f3wnowag\u0119, relaks i harmoni\u0119 w \u017cyciu codziennym.<\/p>\t\t\t\t\t\t\t\t<\/div>\n\t\t\t\t<\/div>\n\t\t\t\t\t<\/div>\n\t\t<\/div>\n\t\t\t\t\t<\/div>\n\t\t<\/section>\n\t\t\t\t<section class=\"elementor-section elementor-top-section elementor-element elementor-element-3c8867b elementor-section-boxed elementor-section-height-default elementor-section-height-default\" data-id=\"3c8867b\" data-element_type=\"section\">\n\t\t\t\t\t\t<div class=\"elementor-container elementor-column-gap-default\">\n\t\t\t\t\t<div class=\"elementor-column elementor-col-100 elementor-top-column elementor-element elementor-element-c49b51d\" data-id=\"c49b51d\" data-element_type=\"column\">\n\t\t\t<div class=\"elementor-widget-wrap elementor-element-populated\">\n\t\t\t\t\t\t<div class=\"elementor-element elementor-element-f205b22 elementor-widget elementor-widget-heading\" data-id=\"f205b22\" data-element_type=\"widget\" data-widget_type=\"heading.default\">\n\t\t\t\t<div class=\"elementor-widget-container\">\n\t\t\t\t\t<h2 class=\"elementor-heading-title elementor-size-default\">Wieloletnie do\u015bwiadczenie podparte certyfikatami i wykszta\u0142ceniem<\/h2>\t\t\t\t<\/div>\n\t\t\t\t<\/div>\n\t\t\t\t\t<\/div>\n\t\t<\/div>\n\t\t\t\t\t<\/div>\n\t\t<\/section>\n\t\t\t\t<section class=\"elementor-section elementor-top-section elementor-element elementor-element-3a43e7b elementor-section-boxed elementor-section-height-default elementor-section-height-default\" data-id=\"3a43e7b\" data-element_type=\"section\">\n\t\t\t\t\t\t<div class=\"elementor-container elementor-column-gap-default\">\n\t\t\t\t\t<div class=\"elementor-column elementor-col-100 elementor-top-column elementor-element elementor-element-97d36cb\" data-id=\"97d36cb\" data-element_type=\"column\">\n\t\t\t<div class=\"elementor-widget-wrap elementor-element-populated\">\n\t\t\t\t\t\t<section class=\"elementor-section elementor-inner-section elementor-element elementor-element-c1d8f29 elementor-section-boxed elementor-section-height-default elementor-section-height-default\" data-id=\"c1d8f29\" data-element_type=\"section\">\n\t\t\t\t\t\t<div class=\"elementor-container elementor-column-gap-default\">\n\t\t\t\t\t<div class=\"elementor-column elementor-col-50 elementor-inner-column elementor-element elementor-element-7f4587a\" data-id=\"7f4587a\" data-element_type=\"column\">\n\t\t\t<div class=\"elementor-widget-wrap elementor-element-populated\">\n\t\t\t\t\t\t<div class=\"elementor-element elementor-element-c2b18e8 elementor-widget elementor-widget-image\" data-id=\"c2b18e8\" data-element_type=\"widget\" data-widget_type=\"image.default\">\n\t\t\t\t<div class=\"elementor-widget-container\">\n\t\t\t\t\t\t\t\t\t\t\t\t\t\t\t\t<a href=\"https:\/\/www.sulema.pl\/masaz-worksite\/wp-content\/uploads\/2023\/10\/Gabriela-Agnieszka-Ropka-Trzebinia-Prezes-Zarzadu-SULEMA-Sp.-z-o.o.jpg\" data-elementor-open-lightbox=\"yes\" data-elementor-lightbox-title=\"Gabriela Agnieszka Ropka Trzebinia Prezes Zarz\u0105du SULEMA Sp. z o.o.\" data-e-action-hash=\"#elementor-action%3Aaction%3Dlightbox%26settings%3DeyJpZCI6MjA4LCJ1cmwiOiJodHRwczpcL1wvd3d3LnN1bGVtYS5wbFwvbWFzYXotd29ya3NpdGVcL3dwLWNvbnRlbnRcL3VwbG9hZHNcLzIwMjNcLzEwXC9HYWJyaWVsYS1BZ25pZXN6a2EtUm9wa2EtVHJ6ZWJpbmlhLVByZXplcy1aYXJ6YWR1LVNVTEVNQS1TcC4tei1vLm8uanBnIn0%3D\">\n\t\t\t\t\t\t\t<img fetchpriority=\"high\" decoding=\"async\" width=\"209\" height=\"300\" src=\"https:\/\/www.sulema.pl\/masaz-worksite\/wp-content\/uploads\/2023\/10\/Gabriela-Agnieszka-Ropka-Trzebinia-Prezes-Zarzadu-SULEMA-Sp.-z-o.o-209x300.jpg\" class=\"attachment-medium size-medium wp-image-208\" alt=\"Gabriela Agnieszka Ropka Trzebinia Prezes Zarz\u0105du SULEMA Sp. z o.o.\" srcset=\"https:\/\/www.sulema.pl\/masaz-worksite\/wp-content\/uploads\/2023\/10\/Gabriela-Agnieszka-Ropka-Trzebinia-Prezes-Zarzadu-SULEMA-Sp.-z-o.o-209x300.jpg 209w, https:\/\/www.sulema.pl\/masaz-worksite\/wp-content\/uploads\/2023\/10\/Gabriela-Agnieszka-Ropka-Trzebinia-Prezes-Zarzadu-SULEMA-Sp.-z-o.o.jpg 536w\" sizes=\"(max-width: 209px) 100vw, 209px\" \/>\t\t\t\t\t\t\t\t<\/a>\n\t\t\t\t\t\t\t\t\t\t\t\t\t\t\t<\/div>\n\t\t\t\t<\/div>\n\t\t\t\t\t<\/div>\n\t\t<\/div>\n\t\t\t\t<div class=\"elementor-column elementor-col-50 elementor-inner-column elementor-element elementor-element-f58c783\" data-id=\"f58c783\" data-element_type=\"column\">\n\t\t\t<div class=\"elementor-widget-wrap elementor-element-populated\">\n\t\t\t\t\t\t<div class=\"elementor-element elementor-element-1d6c791 elementor-widget elementor-widget-text-editor\" data-id=\"1d6c791\" data-element_type=\"widget\" data-widget_type=\"text-editor.default\">\n\t\t\t\t<div class=\"elementor-widget-container\">\n\t\t\t\t\t\t\t\t\t<h3>Nazywam si\u0119 <em><strong>Gabriela Agnieszka Ropka<\/strong><\/em><\/h3><h5>Prezes zarz\u0105du <em><strong>SULEMA Sp. z o.o.\u00a0<\/strong><\/em><\/h5><p>Przesz\u0142o przez ostatnie <em><strong>8 lat<\/strong><\/em> pracowa\u0142am w Powiatowym Szpitalu w Chrzanowie jako fizjoterapeuta. Uko\u0144czy\u0142am <em><strong>Krakowsk\u0105 Wy\u017csz\u0105 Szko\u0142\u0119 Promocji Zdrowia<\/strong><\/em> (KWSPZ) w 2017 roku (licencjat). W zawodzie pracowa\u0142am \u0142\u0105cznie przez ostatnie 8 lat. W mi\u0119dzy czasie, stale podnosi\u0142am swoje kwalifikacje ucz\u0119szczaj\u0105c na r\u00f3\u017cnego rodzaju kursy zwi\u0105zane z masa\u017cami. Kocham <em><strong>pomaga\u0107 ludziom<\/strong><\/em>, <em><strong>masowa\u0107<\/strong><\/em> oraz <em><strong>rozmawia\u0107<\/strong><\/em>. Masa\u017c to nie tylko dotyk, ale r\u00f3wnie\u017c umiej\u0119tno\u015b\u0107 konwersacji z pacjentem i s\u0142uchania. Poni\u017cej <em><strong>prezentuj\u0119<\/strong> <\/em>swoje do\u015b\u0107 obszerne portfolio <em><strong>dyplom\u00f3w i certyfikat\u00f3w<\/strong><\/em> zdobytych w ostatnich latach. Ka\u017cd\u0105 mo\u017cliwie woln\u0105 chwil\u0119 staram si\u0119 po\u015bwi\u0119ci\u0107 na zdobycie nowych do\u015bwiadcze\u0144 i doszkolenie si\u0119 z wiedzy &#8211; ko\u0144cz\u0105c nowe kolejne kursy.<\/p>\t\t\t\t\t\t\t\t<\/div>\n\t\t\t\t<\/div>\n\t\t\t\t\t<\/div>\n\t\t<\/div>\n\t\t\t\t\t<\/div>\n\t\t<\/section>\n\t\t\t\t\t<\/div>\n\t\t<\/div>\n\t\t\t\t\t<\/div>\n\t\t<\/section>\n\t\t\t\t<section class=\"elementor-section elementor-top-section elementor-element elementor-element-73a718d elementor-section-boxed elementor-section-height-default elementor-section-height-default\" data-id=\"73a718d\" data-element_type=\"section\">\n\t\t\t\t\t\t<div class=\"elementor-container elementor-column-gap-default\">\n\t\t\t\t\t<div class=\"elementor-column elementor-col-100 elementor-top-column elementor-element elementor-element-7e8168c\" data-id=\"7e8168c\" data-element_type=\"column\">\n\t\t\t<div class=\"elementor-widget-wrap elementor-element-populated\">\n\t\t\t\t\t\t<div class=\"elementor-element elementor-element-41a2b98 elementor-widget elementor-widget-gallery\" data-id=\"41a2b98\" data-element_type=\"widget\" data-settings=\"{&quot;columns&quot;:5,&quot;gap&quot;:{&quot;unit&quot;:&quot;px&quot;,&quot;size&quot;:5,&quot;sizes&quot;:[]},&quot;aspect_ratio&quot;:&quot;1:1&quot;,&quot;lazyload&quot;:&quot;yes&quot;,&quot;gallery_layout&quot;:&quot;grid&quot;,&quot;columns_tablet&quot;:2,&quot;columns_mobile&quot;:1,&quot;gap_tablet&quot;:{&quot;unit&quot;:&quot;px&quot;,&quot;size&quot;:10,&quot;sizes&quot;:[]},&quot;gap_mobile&quot;:{&quot;unit&quot;:&quot;px&quot;,&quot;size&quot;:10,&quot;sizes&quot;:[]},&quot;link_to&quot;:&quot;file&quot;,&quot;overlay_background&quot;:&quot;yes&quot;,&quot;content_hover_animation&quot;:&quot;fade-in&quot;}\" data-widget_type=\"gallery.default\">\n\t\t\t\t<div class=\"elementor-widget-container\">\n\t\t\t\t\t\t\t<div class=\"elementor-gallery__container\">\n\t\t\t\t\t\t\t<a class=\"e-gallery-item elementor-gallery-item elementor-animated-content\" href=\"https:\/\/www.sulema.pl\/masaz-worksite\/wp-content\/uploads\/2023\/10\/certyfikat-kursu-masau-biurowego-1.jpg\" data-elementor-open-lightbox=\"yes\" data-elementor-lightbox-slideshow=\"41a2b98\" data-elementor-lightbox-title=\"certyfikat-kursu-masau-biurowego\" data-e-action-hash=\"#elementor-action%3Aaction%3Dlightbox%26settings%3DeyJpZCI6MTg4LCJ1cmwiOiJodHRwczpcL1wvd3d3LnN1bGVtYS5wbFwvbWFzYXotd29ya3NpdGVcL3dwLWNvbnRlbnRcL3VwbG9hZHNcLzIwMjNcLzEwXC9jZXJ0eWZpa2F0LWt1cnN1LW1hc2F1LWJpdXJvd2Vnby0xLmpwZyIsInNsaWRlc2hvdyI6IjQxYTJiOTgifQ%3D%3D\">\n\t\t\t\t\t<div class=\"e-gallery-image elementor-gallery-item__image\" data-thumbnail=\"https:\/\/www.sulema.pl\/masaz-worksite\/wp-content\/uploads\/2023\/10\/certyfikat-kursu-masau-biurowego-1.jpg\" data-width=\"732\" data-height=\"1024\" aria-label=\"certyfikat-kursu-masau-biurowego\" role=\"img\" ><\/div>\n\t\t\t\t\t\t\t\t\t\t\t<div class=\"elementor-gallery-item__overlay\"><\/div>\n\t\t\t\t\t\t\t\t\t\t\t\t\t\t<\/a>\n\t\t\t\t\t\t\t<a class=\"e-gallery-item elementor-gallery-item elementor-animated-content\" href=\"https:\/\/www.sulema.pl\/masaz-worksite\/wp-content\/uploads\/2023\/10\/certyfikat-kursu-masau-biurowego-ang-1.jpg\" data-elementor-open-lightbox=\"yes\" data-elementor-lightbox-slideshow=\"41a2b98\" data-elementor-lightbox-title=\"certyfikat-kursu-masau-biurowego-ang\" data-e-action-hash=\"#elementor-action%3Aaction%3Dlightbox%26settings%3DeyJpZCI6MTg5LCJ1cmwiOiJodHRwczpcL1wvd3d3LnN1bGVtYS5wbFwvbWFzYXotd29ya3NpdGVcL3dwLWNvbnRlbnRcL3VwbG9hZHNcLzIwMjNcLzEwXC9jZXJ0eWZpa2F0LWt1cnN1LW1hc2F1LWJpdXJvd2Vnby1hbmctMS5qcGciLCJzbGlkZXNob3ciOiI0MWEyYjk4In0%3D\">\n\t\t\t\t\t<div class=\"e-gallery-image elementor-gallery-item__image\" data-thumbnail=\"https:\/\/www.sulema.pl\/masaz-worksite\/wp-content\/uploads\/2023\/10\/certyfikat-kursu-masau-biurowego-ang-1.jpg\" data-width=\"687\" data-height=\"994\" aria-label=\"certyfikat-kursu-masau-biurowego-ang\" role=\"img\" ><\/div>\n\t\t\t\t\t\t\t\t\t\t\t<div class=\"elementor-gallery-item__overlay\"><\/div>\n\t\t\t\t\t\t\t\t\t\t\t\t\t\t<\/a>\n\t\t\t\t\t\t\t<a class=\"e-gallery-item elementor-gallery-item elementor-animated-content\" href=\"https:\/\/www.sulema.pl\/masaz-worksite\/wp-content\/uploads\/2023\/10\/certyfikat-masau-miodem-1.jpg\" data-elementor-open-lightbox=\"yes\" data-elementor-lightbox-slideshow=\"41a2b98\" data-elementor-lightbox-title=\"certyfikat-masau-miodem\" data-e-action-hash=\"#elementor-action%3Aaction%3Dlightbox%26settings%3DeyJpZCI6MTkwLCJ1cmwiOiJodHRwczpcL1wvd3d3LnN1bGVtYS5wbFwvbWFzYXotd29ya3NpdGVcL3dwLWNvbnRlbnRcL3VwbG9hZHNcLzIwMjNcLzEwXC9jZXJ0eWZpa2F0LW1hc2F1LW1pb2RlbS0xLmpwZyIsInNsaWRlc2hvdyI6IjQxYTJiOTgifQ%3D%3D\">\n\t\t\t\t\t<div class=\"e-gallery-image elementor-gallery-item__image\" data-thumbnail=\"https:\/\/www.sulema.pl\/masaz-worksite\/wp-content\/uploads\/2023\/10\/certyfikat-masau-miodem-1.jpg\" data-width=\"725\" data-height=\"1024\" aria-label=\"certyfikat-masau-miodem\" role=\"img\" ><\/div>\n\t\t\t\t\t\t\t\t\t\t\t<div class=\"elementor-gallery-item__overlay\"><\/div>\n\t\t\t\t\t\t\t\t\t\t\t\t\t\t<\/a>\n\t\t\t\t\t\t\t<a class=\"e-gallery-item elementor-gallery-item elementor-animated-content\" href=\"https:\/\/www.sulema.pl\/masaz-worksite\/wp-content\/uploads\/2023\/10\/certyfikat-masau-odchudzjcego-1.jpg\" data-elementor-open-lightbox=\"yes\" data-elementor-lightbox-slideshow=\"41a2b98\" data-elementor-lightbox-title=\"certyfikat-masau-odchudzjcego\" data-e-action-hash=\"#elementor-action%3Aaction%3Dlightbox%26settings%3DeyJpZCI6MTkxLCJ1cmwiOiJodHRwczpcL1wvd3d3LnN1bGVtYS5wbFwvbWFzYXotd29ya3NpdGVcL3dwLWNvbnRlbnRcL3VwbG9hZHNcLzIwMjNcLzEwXC9jZXJ0eWZpa2F0LW1hc2F1LW9kY2h1ZHpqY2Vnby0xLmpwZyIsInNsaWRlc2hvdyI6IjQxYTJiOTgifQ%3D%3D\">\n\t\t\t\t\t<div class=\"e-gallery-image elementor-gallery-item__image\" data-thumbnail=\"https:\/\/www.sulema.pl\/masaz-worksite\/wp-content\/uploads\/2023\/10\/certyfikat-masau-odchudzjcego-1.jpg\" data-width=\"725\" data-height=\"1024\" aria-label=\"certyfikat-masau-odchudzjcego\" role=\"img\" ><\/div>\n\t\t\t\t\t\t\t\t\t\t\t<div class=\"elementor-gallery-item__overlay\"><\/div>\n\t\t\t\t\t\t\t\t\t\t\t\t\t\t<\/a>\n\t\t\t\t\t\t\t<a class=\"e-gallery-item elementor-gallery-item elementor-animated-content\" href=\"https:\/\/www.sulema.pl\/masaz-worksite\/wp-content\/uploads\/2023\/10\/zawiadczenie-zako-kursu-mbiur-str1-1.jpg\" data-elementor-open-lightbox=\"yes\" data-elementor-lightbox-slideshow=\"41a2b98\" data-elementor-lightbox-title=\"zawiadczenie-zako-kursu-mbiur-str1\" data-e-action-hash=\"#elementor-action%3Aaction%3Dlightbox%26settings%3DeyJpZCI6MTkzLCJ1cmwiOiJodHRwczpcL1wvd3d3LnN1bGVtYS5wbFwvbWFzYXotd29ya3NpdGVcL3dwLWNvbnRlbnRcL3VwbG9hZHNcLzIwMjNcLzEwXC96YXdpYWRjemVuaWUtemFrby1rdXJzdS1tYml1ci1zdHIxLTEuanBnIiwic2xpZGVzaG93IjoiNDFhMmI5OCJ9\">\n\t\t\t\t\t<div class=\"e-gallery-image elementor-gallery-item__image\" data-thumbnail=\"https:\/\/www.sulema.pl\/masaz-worksite\/wp-content\/uploads\/2023\/10\/zawiadczenie-zako-kursu-mbiur-str1-1.jpg\" data-width=\"732\" data-height=\"1024\" aria-label=\"zawiadczenie-zako-kursu-mbiur-str1\" role=\"img\" ><\/div>\n\t\t\t\t\t\t\t\t\t\t\t<div class=\"elementor-gallery-item__overlay\"><\/div>\n\t\t\t\t\t\t\t\t\t\t\t\t\t\t<\/a>\n\t\t\t\t\t\t\t<a class=\"e-gallery-item elementor-gallery-item elementor-animated-content\" href=\"https:\/\/www.sulema.pl\/masaz-worksite\/wp-content\/uploads\/2023\/10\/zawiadczenie-zakokursu-mbiur-str-2-1.jpg\" data-elementor-open-lightbox=\"yes\" data-elementor-lightbox-slideshow=\"41a2b98\" data-elementor-lightbox-title=\"zawiadczenie-zakokursu-mbiur-str-2\" data-e-action-hash=\"#elementor-action%3Aaction%3Dlightbox%26settings%3DeyJpZCI6MTk0LCJ1cmwiOiJodHRwczpcL1wvd3d3LnN1bGVtYS5wbFwvbWFzYXotd29ya3NpdGVcL3dwLWNvbnRlbnRcL3VwbG9hZHNcLzIwMjNcLzEwXC96YXdpYWRjemVuaWUtemFrb2t1cnN1LW1iaXVyLXN0ci0yLTEuanBnIiwic2xpZGVzaG93IjoiNDFhMmI5OCJ9\">\n\t\t\t\t\t<div class=\"e-gallery-image elementor-gallery-item__image\" data-thumbnail=\"https:\/\/www.sulema.pl\/masaz-worksite\/wp-content\/uploads\/2023\/10\/zawiadczenie-zakokursu-mbiur-str-2-1.jpg\" data-width=\"732\" data-height=\"1024\" aria-label=\"zawiadczenie-zakokursu-mbiur-str-2\" role=\"img\" ><\/div>\n\t\t\t\t\t\t\t\t\t\t\t<div class=\"elementor-gallery-item__overlay\"><\/div>\n\t\t\t\t\t\t\t\t\t\t\t\t\t\t<\/a>\n\t\t\t\t\t\t\t<a class=\"e-gallery-item elementor-gallery-item elementor-animated-content\" href=\"https:\/\/www.sulema.pl\/masaz-worksite\/wp-content\/uploads\/2023\/10\/zawiadczenie-zako-kursu-m-lomi-lomi-1.jpg\" data-elementor-open-lightbox=\"yes\" data-elementor-lightbox-slideshow=\"41a2b98\" data-elementor-lightbox-title=\"zawiadczenie-zako-kursu-m-lomi-lomi\" data-e-action-hash=\"#elementor-action%3Aaction%3Dlightbox%26settings%3DeyJpZCI6MTk1LCJ1cmwiOiJodHRwczpcL1wvd3d3LnN1bGVtYS5wbFwvbWFzYXotd29ya3NpdGVcL3dwLWNvbnRlbnRcL3VwbG9hZHNcLzIwMjNcLzEwXC96YXdpYWRjemVuaWUtemFrby1rdXJzdS1tLWxvbWktbG9taS0xLmpwZyIsInNsaWRlc2hvdyI6IjQxYTJiOTgifQ%3D%3D\">\n\t\t\t\t\t<div class=\"e-gallery-image elementor-gallery-item__image\" data-thumbnail=\"https:\/\/www.sulema.pl\/masaz-worksite\/wp-content\/uploads\/2023\/10\/zawiadczenie-zako-kursu-m-lomi-lomi-1.jpg\" data-width=\"732\" data-height=\"1024\" aria-label=\"zawiadczenie-zako-kursu-m-lomi-lomi\" role=\"img\" ><\/div>\n\t\t\t\t\t\t\t\t\t\t\t<div class=\"elementor-gallery-item__overlay\"><\/div>\n\t\t\t\t\t\t\t\t\t\t\t\t\t\t<\/a>\n\t\t\t\t\t\t\t<a class=\"e-gallery-item elementor-gallery-item elementor-animated-content\" href=\"https:\/\/www.sulema.pl\/masaz-worksite\/wp-content\/uploads\/2023\/10\/zaw-zako-kursu-m-bak-chisk-1.jpg\" data-elementor-open-lightbox=\"yes\" data-elementor-lightbox-slideshow=\"41a2b98\" data-elementor-lightbox-title=\"zaw-zako-kursu-m-bak-chisk\" data-e-action-hash=\"#elementor-action%3Aaction%3Dlightbox%26settings%3DeyJpZCI6MTk2LCJ1cmwiOiJodHRwczpcL1wvd3d3LnN1bGVtYS5wbFwvbWFzYXotd29ya3NpdGVcL3dwLWNvbnRlbnRcL3VwbG9hZHNcLzIwMjNcLzEwXC96YXctemFrby1rdXJzdS1tLWJhay1jaGlzay0xLmpwZyIsInNsaWRlc2hvdyI6IjQxYTJiOTgifQ%3D%3D\">\n\t\t\t\t\t<div class=\"e-gallery-image elementor-gallery-item__image\" data-thumbnail=\"https:\/\/www.sulema.pl\/masaz-worksite\/wp-content\/uploads\/2023\/10\/zaw-zako-kursu-m-bak-chisk-1.jpg\" data-width=\"732\" data-height=\"1024\" aria-label=\"zaw-zako-kursu-m-bak-chisk\" role=\"img\" ><\/div>\n\t\t\t\t\t\t\t\t\t\t\t<div class=\"elementor-gallery-item__overlay\"><\/div>\n\t\t\t\t\t\t\t\t\t\t\t\t\t\t<\/a>\n\t\t\t\t\t\t\t<a class=\"e-gallery-item elementor-gallery-item elementor-animated-content\" href=\"https:\/\/www.sulema.pl\/masaz-worksite\/wp-content\/uploads\/2023\/10\/zaw-zako-kursu-m-odchudzjcy-1.jpg\" data-elementor-open-lightbox=\"yes\" data-elementor-lightbox-slideshow=\"41a2b98\" data-elementor-lightbox-title=\"zaw-zako-kursu-m-odchudzjcy\" data-e-action-hash=\"#elementor-action%3Aaction%3Dlightbox%26settings%3DeyJpZCI6MTk3LCJ1cmwiOiJodHRwczpcL1wvd3d3LnN1bGVtYS5wbFwvbWFzYXotd29ya3NpdGVcL3dwLWNvbnRlbnRcL3VwbG9hZHNcLzIwMjNcLzEwXC96YXctemFrby1rdXJzdS1tLW9kY2h1ZHpqY3ktMS5qcGciLCJzbGlkZXNob3ciOiI0MWEyYjk4In0%3D\">\n\t\t\t\t\t<div class=\"e-gallery-image elementor-gallery-item__image\" data-thumbnail=\"https:\/\/www.sulema.pl\/masaz-worksite\/wp-content\/uploads\/2023\/10\/zaw-zako-kursu-m-odchudzjcy-1.jpg\" data-width=\"732\" data-height=\"1024\" aria-label=\"zaw-zako-kursu-m-odchudzjcy\" role=\"img\" ><\/div>\n\t\t\t\t\t\t\t\t\t\t\t<div class=\"elementor-gallery-item__overlay\"><\/div>\n\t\t\t\t\t\t\t\t\t\t\t\t\t\t<\/a>\n\t\t\t\t\t\t\t<a class=\"e-gallery-item elementor-gallery-item elementor-animated-content\" href=\"https:\/\/www.sulema.pl\/masaz-worksite\/wp-content\/uploads\/2023\/10\/zaw-zako-kursu-m-tajski-1.jpg\" data-elementor-open-lightbox=\"yes\" data-elementor-lightbox-slideshow=\"41a2b98\" data-elementor-lightbox-title=\"zaw-zako-kursu-m-tajski\" data-e-action-hash=\"#elementor-action%3Aaction%3Dlightbox%26settings%3DeyJpZCI6MTk4LCJ1cmwiOiJodHRwczpcL1wvd3d3LnN1bGVtYS5wbFwvbWFzYXotd29ya3NpdGVcL3dwLWNvbnRlbnRcL3VwbG9hZHNcLzIwMjNcLzEwXC96YXctemFrby1rdXJzdS1tLXRhanNraS0xLmpwZyIsInNsaWRlc2hvdyI6IjQxYTJiOTgifQ%3D%3D\">\n\t\t\t\t\t<div class=\"e-gallery-image elementor-gallery-item__image\" data-thumbnail=\"https:\/\/www.sulema.pl\/masaz-worksite\/wp-content\/uploads\/2023\/10\/zaw-zako-kursu-m-tajski-1.jpg\" data-width=\"732\" data-height=\"1024\" aria-label=\"zaw-zako-kursu-m-tajski\" role=\"img\" ><\/div>\n\t\t\t\t\t\t\t\t\t\t\t<div class=\"elementor-gallery-item__overlay\"><\/div>\n\t\t\t\t\t\t\t\t\t\t\t\t\t\t<\/a>\n\t\t\t\t\t<\/div>\n\t\t\t\t\t<\/div>\n\t\t\t\t<\/div>\n\t\t\t\t\t<\/div>\n\t\t<\/div>\n\t\t\t\t\t<\/div>\n\t\t<\/section>\n\t\t\t\t<\/div>\n\t\t","protected":false},"excerpt":{"rendered":"<p>O NAS &#8211; SULEMA Sp. z o.o. Witamy na naszej stronie internetowej, gdzie pragniemy Ci\u0119 serdecznie przywita\u0107 i przedstawi\u0107 nasz\u0105 firm\u0119 SULEMA Sp. z o.o. Jeste\u015bmy dumni, \u017ce mo\u017cemy si\u0119 z Tob\u0105 podzieli\u0107 nasz\u0105 histori\u0105 oraz pasj\u0105, kt\u00f3ra towarzyszy nam od trzech lat na terenie wojew\u00f3dztwa \u015bl\u0105skiego. \u00a0 Misja \u00a0 Nasza firma narodzi\u0142a si\u0119 z [&hellip;]<\/p>\n","protected":false},"author":1,"featured_media":0,"parent":0,"menu_order":0,"comment_status":"closed","ping_status":"closed","template":"elementor_header_footer","meta":{"om_disable_all_campaigns":false,"_monsterinsights_skip_tracking":false,"_monsterinsights_sitenote_active":false,"_monsterinsights_sitenote_note":"","_monsterinsights_sitenote_category":0,"footnotes":""},"class_list":["post-63","page","type-page","status-publish","hentry"],"aioseo_notices":[],"_links":{"self":[{"href":"https:\/\/www.sulema.pl\/masaz-worksite\/wp-json\/wp\/v2\/pages\/63","targetHints":{"allow":["GET"]}}],"collection":[{"href":"https:\/\/www.sulema.pl\/masaz-worksite\/wp-json\/wp\/v2\/pages"}],"about":[{"href":"https:\/\/www.sulema.pl\/masaz-worksite\/wp-json\/wp\/v2\/types\/page"}],"author":[{"embeddable":true,"href":"https:\/\/www.sulema.pl\/masaz-worksite\/wp-json\/wp\/v2\/users\/1"}],"replies":[{"embeddable":true,"href":"https:\/\/www.sulema.pl\/masaz-worksite\/wp-json\/wp\/v2\/comments?post=63"}],"version-history":[{"count":25,"href":"https:\/\/www.sulema.pl\/masaz-worksite\/wp-json\/wp\/v2\/pages\/63\/revisions"}],"predecessor-version":[{"id":519,"href":"https:\/\/www.sulema.pl\/masaz-worksite\/wp-json\/wp\/v2\/pages\/63\/revisions\/519"}],"wp:attachment":[{"href":"https:\/\/www.sulema.pl\/masaz-worksite\/wp-json\/wp\/v2\/media?parent=63"}],"curies":[{"name":"wp","href":"https:\/\/api.w.org\/{rel}","templated":true}]}}